f + 443. What is x(12)?
1
Let m(q) = -2*q**2 - 3*q + 1. Let x(f) = f. Let d = -37 - -25. Let p be ((-1)/(-4))/((-3)/d). Let u(t) = p*m(t) + 2*x(t). Calculate u(-2).
-5
Let q = -311 - -316. Let i(u) = -2*u**2 + 7*u - 1. What is i(q)?
-16
Let o(d) = 2*d**2 - 2*d - 2. Let f be o(2). Let p be (1/(-2))/((-1)/10). Suppose -f*x = -w + 9, p*w = 4*x + 15 - 0. Let n(a) = 5*a - 1. Give n(w).
-6
Let p(z) = 2*z**2 + z - 1. Suppose -4*u - 4 = -4*t, 5*t = -8*u + 11*u + 9. What is p(u)?
9
Let g(i) be the second derivative of 3*i**2 + 3*i + 0 + 1/20*i**5 + i**3 + 2/3*i**4. What is g(-7)?
13
Let q be ((-12)/10)/(6/(-20)). Suppose -q*k = -8*k + 24. Let v(t) = 8*t - 1 - 7*t**2 + 0 - k*t. Calculate v(1).
-6
Suppose -v = 4*i - 5, -2*i - 31 + 6 = -5*v. Suppose 2*u - v*p + 13 = 0, p = 4*u + 3*p - 10. Let g(m) = 0 + 1 + u + m. Give g(6).
8
Let r(h) be the first derivative of -h**2/2 + h + 2. Let a(z) = -z + 3*z**2 + 1 - 1 + 4*z**2. Let c be a(1). Give r(c).
-5
Let w(g) = 5*g + 5. Let o be 3 - ((-3)/3 - 1 - -17). Let a be 3/(o/32) - (2 + -4). Calculate w(a).
-25
Let r(m) = -m**2 - 4. Let i be 0 + (16/6 - (-8)/24). Give r(i).
-13
Suppose 4*d + 2 = n, 5*n + 3*d - 9 = 1. Let x = 1 - n. Let s(b) be the first derivative of -7*b**2/2 + 15. What is s(x)?
7
Suppose 0*h = -3*h. Suppose -v + 3*d = 6*d - 13, 3*v + 4*d - 24 = h. Let n(y) = 4*y + v + y - 6*y. Determine n(0).
4
Suppose -2*p + 4*p = 24. Suppose 0 = p*q - 15*q. Let f(h) = -h + q*h**2 - 7*h**2 - 10 - 6*h + 5 - h**3. Give f(-6).
1
Let h(d) = 4*d. Let m(a) = a + 3. Let u be m(4). Suppose 3*v - 5 - u = 0. Calculate h(v).
16
Let a(u) = -u**3 - 13*u**2 + 14*u + 7. Let j = -128 + 114. Determine a(j).
7
Let m(q) be the first derivative of q**4/4 - q**3 + q**2/2 + q + 22. Determine m(3).
4
Let r(t) be the third derivative of -1/60*t**5 + 1/120*t**6 + 0*t**3 + 1/24*t**4 + 0*t + 0 + 9*t**2. What is r(1)?
1
Let k be (0*(-7)/(-21))/(-2). Let b(i) be the third derivative of i**3 + 1/4*i**4 + k*i - 1/15*i**5 + 2*i**2 + 0 - 1/120*i**6. What is b(-5)?
1
Suppose 0 = -4*q + 24 - 136. Let z = q + 32. Let b(s) = -s**3 + 4*s**2 - 3*s. What is b(z)?
-12
Let t(i) = 13*i + 5. Let w(u) be the third derivative of 5/6*u**4 + 0*u + 5*u**2 + 0 + 4/3*u**3. Let x(f) = 8*t(f) - 5*w(f). Determine x(2).
8
Let p(t) be the second derivative of t**3/6 - 11*t**2/2 - 154*t. Determine p(0).
-11
Let a(v) = 1. Let f(d) = -d**3 - d**2 + 2*d. Let y(x) = 6*a(x) - f(x). Calculate y(0).
6
Let n = 78 + -32. Let x(j) = n - 87 - j + 41. Calculate x(6).
-6
Let w(l) = -2*l - 5. Let d be 168/32*12/9*-1. What is w(d)?
9
Let m(c) be the third derivative of -c**5/60 - c**4/2 - 338*c**2. Suppose -2*x - 60 = 3*x. Calculate m(x).
0
Suppose 47*d - 66*d = -57. Let z(v) be the second derivative of 0 - 1/2*v**2 - v - 1/6*v**d. Determine z(0).
-1
Suppose 60 = 3*i + 84. Let g be 6*(-1)/i - 155/20. Let u(v) = -v**3 - 8*v**2 - 6*v - 10. Calculate u(g).
-17
Let k be (-8)/6*6/(-4). Let t(g) = -5*g - 4*g**3 + k + 5*g**3 + 2*g**2 + 3*g**2. Let d(i) = -10*i + 54. Let s be d(6). What is t(s)?
-4
Let j = -4076/3 + 1359. Let d(u) be the third derivative of 1/12*u**4 + 7*u**2 + 0*u + 0 + j*u**3. What is d(4)?
10
Let h(x) = 11 + 21*x - 10*x + 9 - 23. Calculate h(1).
8
Let x(o) = -o - 1 - o + 2*o + 0*o - 3*o. What is x(4)?
-13
Let g(p) = -4*p. Let i be 0 + (1 + -2 - -4). Suppose i = r - s, 2 + 0 = 4*r + s. What is g(r)?
-4
Suppose -10*n - 9 = -13*n. Let g(d) = 5 - 10*d**3 + 8*d**2 + 7*d**n - 9*d - 1 + 4*d**3. Give g(-9).
4
Let d(t) = -5*t - 21. Let s be d(-4). Let r(y) = -5*y**3 - y. Let p be r(s). Let l(m) = 3*m - 9. What is l(p)?
9
Let x be (12/9 - 1)*6. Suppose -3*k + 2*a + 10 = -2*k, -3*k = 3*a - 66. Let o(l) = x + k*l - 10*l - 5*l - l**2 + 2*l**2. Calculate o(-5).
12
Let j(y) = -5*y + 14. Let i(d) = 5*d - 12. Let v(c) = 6*i(c) + 5*j(c). Determine v(8).
38
Let f(n) be the first derivative of -n**3/3 - 5*n**2/2 + 3*n + 71. Calculate f(-4).
7
Let k(h) be the first derivative of h**3/3 + 5*h**2 + 3*h + 4. Let r = -58 - -54. What is k(r)?
-21
Let g(r) = r**2 - 6*r + 6. Let w(c) = 2*c**2 - 2*c**2 + 7 - c + c**2 - 4*c. Let i(x) = -3*g(x) + 2*w(x). Calculate i(5).
11
Let w(o) be the first derivative of -o**4/4 - 8*o**3/3 + o**2 + 15*o + 124. Give w(-8).
-1
Suppose -2*q = 6, 5*l = 2*q + 21 - 0. Let f(a) be the first derivative of -5/4*a**4 + 0*a**2 - l - a + 0*a**3. Give f(-1).
4
Suppose 5*v = 4*z + 34, -2*z = -5*v + 2 + 40. Let o be 4/v + (-24)/(-15). Let n(x) = -5*x + 25. Let r(p) = p - 6. Let c(w) = o*n(w) + 9*r(w). Give c(-6).
2
Let s(u) = 0*u - 3*u + 0*u - u**2 + 0*u**2 + 6 + 8. Calculate s(-5).
4
Let y(o) = o**2 - o - 23. Let i be y(0). Let b = -23 - i. Let p(t) = t - 6 + 0*t + 4. What is p(b)?
-2
Let z(m) = m**2 - 6*m - 9. Let w = -413 + 420. Determine z(w).
-2
Let o(j) = -j**3 - 9*j**2 - 10*j - 9. Let d be 3*((-9 - -2) + (-13)/(-3)). What is o(d)?
7
Let t(g) = -28*g**3 + 23*g**2 + 22*g - 29. Let j(m) = 13*m**3 - 11*m**2 - 10*m + 14. Let i(q) = 13*j(q) + 6*t(q). Determine i(4).
0
Let m(p) = 2*p + 19. Let y(w) = -w + 27. Let z be y(42). What is m(z)?
-11
Let v(k) = -4*k + 2 + 1 + 14*k - k**2. Let y be -2*(5 + -8 + -2). Let f be v(y). Let b(j) = -j**3 + 3*j**2 + j + 2. Determine b(f).
5
Let p(g) be the second derivative of g**6/180 + g**5/24 - g**4/12 + 2*g**3/3 + 2*g. Let h(q) be the second derivative of p(q). Determine h(-4).
10
Let g(l) be the third derivative of 1/2*l**3 + 0 + 0*l + 7*l**2 - 1/24*l**4. Determine g(5).
-2
Suppose 0 = 2*y - 3*o - 3, 0 = -4*y - o + 3 + 10. Let n(l) be the first derivative of 2 + y*l + 5/2*l**2. Calculate n(-2).
-7
Let x(q) be the second derivative of q**4/24 + 13*q**3/6 - 2*q**2 - 13*q. Let a(g) be the first derivative of x(g). Calculate a(-8).
5
Let f(c) = c**2 + 2*c + 3. Let l(r) = r + 8. Let p be l(-7). Suppose 3 = -o + p. Give f(o).
3
Let r(a) = -a**3 - 8*a**2 - 4*a - 3. Let i(p) = -16*p**2 + 16*p - 8*p - 15*p + 8 - 14 - 2*p**3. Let j(f) = 4*i(f) - 9*r(f). Suppose -2*m - 21 = m. What is j(m)?
-4
Let b(q) be the first derivative of q**4/4 + 11*q**3/3 - 13*q**2/2 - 6*q - 370. Give b(-12).
6
Let n(f) be the first derivative of f**4/4 - f**2/2 - 6*f + 429. Calculate n(3).
18
Suppose 0 = 4*p + 33 - 21. Let s = 8 + -3. Let u(m) = s + m - 5 - 1. Calculate u(p).
-4
Let d(q) = 2*q - 12. Let o(y) = 2*y**2 - 164*y + 481. Let g be o(79). Determine d(g).
2
Let l(i) = -i - 8. Let r(n) = -12*n - 2. Let p be r(-3). Let d = p + -43. Determine l(d).
1
Let v(l) = -4*l + 1. Let r = -92 + 89. What is v(r)?
13
Let u(a) = -94*a**2 - 6*a - 4 + 181*a**2 - 89*a**2. Determine u(-5).
-24
Suppose 0*t = 3*t - 24. Suppose -3*g = -g - t. Suppose d + 3*d + g = 0. Let f(a) = -10*a**2 - a. What is f(d)?
-9
Let o(i) = -3*i**2 + 9*i + 7. Let n(f) = -2*f**2 + 5*f + 4. Let z(w) = 7*n(w) - 4*o(w). Determine z(4).
-36
Let s be 1 + -2 - (6 + -2). Let w = -21 - -34. Let o(v) = w*v + 6 - 3 - 14*v - 5. Calculate o(s).
3
Let i(p) be the second derivative of -2/3*p**4 - 51*p + 7/6*p**3 + 0 + 1/20*p**5 - p**2. What is i(7)?
-2
Let t(j) = 5*j + 58 - j**2 + 47 - 107. Determine t(4).
2
Let k(w) = -w**2 + 4*w - 4. Let l be k(3). Let y be (-1 - -1*9) + l. Let d be 5 - y - (-2 + -3). Let b(x) = -x**2 + x + 2. Determine b(d).
-4
Let h(f) be the first derivative of f**2 + 6*f - 7951. Suppose 0 = 3*a + 4 - 1. Let k(b) = 7*b. Let v be k(a). What is h(v)?
-8
Let n(l) = -4*l + 5. Let u(p) = -p + 1. Let b(x) = -2*n(x) + 9*u(x). Let s(a) = a**2 + 7*a + 11. Let h be s(-3). Determine b(h).
0
Let v(h) = -4*h - h**2 + 4 - 23*h + 30*h. Calculate v(4).
0
Suppose 39 = 4*y + 15. Let q(v) be the first derivative of -v**4/4 + 7*v**3/3 - 3*v**2 + 6*v + 75. What is q(y)?
6
Let a be (5 - (-203)/(-28))/(3/(-4)). Let t(z) = -10*z + 1. What is t(a)?
-29
Let b(m) = m**3 - m - 1. Let d(p) = 3*p**3 - 6*p**2 - 6*p - 4. Let h(t) = -4*b(t) + d(t). Let v be -4 + 6 - (4 + 4). What is h(v)?
12
Let v(k) = 4*k**3 - 1. Let u be (20 - 5)*(-4)/(-12). Suppose -5*y - 18 = -2*t, -5*y - 13 = -u*t + 2. Give v(t).
-5
Let b(x) = x**2 - 7. Suppose 9*w + 5*q = 4*w + 40, 36 = 2*w + 6*q. Give b(w).
2
Let u(x) = -x**2 + 12*x + 9. Let z be u(12). Suppose 2*t = 2*g - t - z, 4 = g - t. Let j(m) = 5*m**2 + g*m - 3*m + 1 + 2*m. Give j(-1).
4
Let t be 10/6 - 2/(-6). Let z(o) = 7 + 1 - t*o + 3*o. Let f(k) = -20*k + 936. Let d be f(47). Calculate z(d).
4
Let o(